93 is divided by 150.
143
Calculate the remainder when 8212 is divided by 31.
28
What is the remainder when 123 is divided by 5?
3
Calculate the remainder when 402 is divided by 29.
25
Calculate the remainder when 4480 is divided by 236.
232
Calculate the remainder when 144 is divided by 139.
5
What is the remainder when 2053 is divided by 681?
10
Calculate the remainder when 51 is divided by 16.
3
Calculate the remainder when 124 is divided by 4.
0
What is the remainder when 147 is divided by 69?
9
What is the remainder when 2400 is divided by 17?
3
Calculate the remainder when 2166 is divided by 430.
16
Calculate the remainder when 65 is divided by 27.
11
Calculate the remainder when 242 is divided by 50.
42
Calculate the remainder when 479 is divided by 37.
35
Calculate the remainder when 4432 is divided by 50.
32
Calculate the remainder when 705 is divided by 345.
15
What is the remainder when 773 is divided by 29?
19
What is the remainder when 4536 is divided by 13?
12
Calculate the remainder when 1697 is divided by 284.
277
Calculate the remainder when 2574 is divided by 12.
6
What is the remainder when 201 is divided by 26?
19
Calculate the remainder when 1448 is divided by 387.
287
What is the remainder when 1946 is divided by 93?
86
Calculate the remainder when 233 is divided by 16.
9
What is the remainder when 1763 is divided by 93?
89
Calculate the remainder when 16100 is divided by 244.
240
Calculate the remainder when 63 is divided by 27.
9
What is the remainder when 24402 is divided by 23?
22
Calculate the remainder when 305 is divided by 18.
17
Calculate the remainder when 2104 is divided by 68.
64
What is the remainder when 2591 is divided by 81?
80
Calculate the remainder when 1561 is divided by 22.
21
Calculate the remainder when 164 is divided by 163.
1
What is the remainder when 580 is divided by 42?
34
Calculate the remainder when 200 is divided by 65.
5
Calculate the remainder when 147 is divided by 20.
7
What is the remainder when 14579 is divided by 30?
29
What is the remainder when 1260 is divided by 352?
204
Calculate the remainder when 413 is divided by 107.
92
Calculate the remainder when 430 is divided by 111.
97
What is the remainder when 154 is divided by 29?
9
What is the remainder when 17 is divided by 1?
0
What is the remainder when 752 is divided by 95?
87
What is the remainder when 1689 is divided by 65?
64
What is the remainder when 310 is divided by 26?
24
Calculate the remainder when 125 is divided by 65.
60
What is the remainder when 253 is divided by 117?
19
Calculate the remainder when 2053 is divided by 99.
73
What is the remainder when 1081 is divided by 364?
353
What is the remainder when 25341 is divided by 88?
85
What is the remainder when 812 is divided by 22?
20
Calculate the remainder when 113 is divided by 62.
51
What is the remainder when 1728 is divided by 609?
510
What is the remainder when 1757 is divided by 435?
17
What is the remainder when 3218 is divided by 35?
33
Calculate the remainder when 170 is divided by 29.
25
Calculate the remainder when 1238 is divided by 73.
70
What is the remainder when 359 is divided by 62?
49
Calculate the remainder when 656 is divided by 95.
86
What is the remainder when 6 is divided by 1?
0
What is the remainder when 3841 is divided by 43?
14
Calculate the remainder when 327 is divided by 28.
19
Calculate the remainder when 968 is divided by 244.
236
Calculate the remainder when 85 is divided by 76.
9
Calculate the remainder when 10648 is divided by 288.
280
What is the remainder when 274 is divided by 78?
40
Calculate the remainder when 280 is divided by 64.
24
What is the remainder when 2381 is divided by 133?
120
What is the remainder when 37 is divided by 22?
15
What is the remainder when 35 is divided by 20?
15
Calculate the remainder when 134 is divided by 5.
4
What is the remainder when 406 is divided by 213?
193
Calculate the remainder when 49 is divided by 17.
15
What is the remainder when 124 is divided by 104?
20
Calculate the remainder when 365 is divided by 46.
43
What is the remainder when 1260 is divided by 302?
52
What is the remainder when 47 is divided by 25?
22
Calculate the remainder when 22 is divided by 4.
2
Calculate the remainder when 3416 is divided by 18.
14
What is the remainder when 449 is divided by 156?
137
Calculate the remainder when 313 is divided by 37.
17
Calculate the remainder when 85 is divided by 45.
40
Calculate the remainder when 1301 is divided by 8.
5
What is the remainder when 249 is divided by 70?
39
Calculate the remainder when 15923 is divided by 91.
89
Calculate the remainder when 129 is divided by 5.
4
Calculate the remainder when 328 is divided by 162.
4
What is the remainder when 10495 is divided by 25?
20
Calculate the remainder when 163 is divided by 19.
11
What is the remainder when 146 is divided by 17?
10
Calculate the remainder when 148 is divided by 40.
28
What is the remainder when 11 is divided by 8?
3
What is the remainder when 217 is divided by 50?
17
Calculate the remainder when 45 is divided by 24.
21
Calculate the remainder when 190 is divided by 23.
6
Calculate the remainder when 22 is divided by 2.
0
What is the remainder when 479 is divided by 40?
39
Calculate the remainder when 4312 is divided by 48.
40
Calculate the remainder when 827 is divided by 247.
86
What is the remainder when 407 is divided by 6?
5
Calculate the remainder when 350 is divided by 94.
68
Calculate the remainder when 77 is divided by 1.
0
What is the remainder when 4283 is divided by 18?
17
What is the remainder when 28119 is divided by 10?
9
What is the remainder when 243 is divided by 126?
117
Calculate the remainder when 76 is divided by 11.
10
What is the remainder when 1679 is divided by 8?
7
Calculate the remainder when 60 is divided by 19.
3
What is the remainder when 146 is divided by 40?
26
What is the remainder when 3113 is divided by 75?
38
Calculate the remainder when 8557 is divided by 40.
37
What is the remainder when 2960 is divided by 52?
48
What is the remainder when 409 is divided by 8?
1
What is the remainder when 304 is divided by 17?
15
Calculate the remainder when 496 is divided by 204.
88
What is the remainder when 541 is divided by 39?
34
Calculate the remainder when 41 is divided by 5.
1
Calculate the remainder when 176 is divided by 10.
6
What is the remainder when 127 is divided by 51?
25
Calculate the remainder when 997 is divided by 25.
22
Calculate the remainder when 1997 is divided by 1995.
2
What is the remainder when 837 is divided by 12?
9
Calculate the remainder when 6587 is divided by 206.
201
What is the remainder when 34 is divided by 11?
1
What is the remainder when 310 is divided by 2?
0
What is the remainder when 318 is divided by 7?
3
Calculate the remainder when 153 is divided by 20.
13
What is the remainder when 150 is divided by 6?
0
What is the remainder when 11407 is divided by 124?
123
What is the remainder when 3574 is divided by 41?
7
Calculate the remainder when 95 is divided by 18.
5
What is the remainder when 165 is divided by 85?
80
Calculate the remainder when 632 is divided by 70.
2
What is the remainder when 80 is divided by 8?
0
What is the remainder when 605 is divided by 157?
134
What is the remainder when 573 is divided by 272?
29
What is the remainder when 67 is divided by 17?
16
What is the remainder when 3595 is divided by 75?
70
What is the remainder when 33 is divided by 3?
0
Calculate the remainder when 16674 is divided by 44.
42
What is the remainder when 99 is divided by 46?
7
Calculate the remainder when 913 is divided by 302.
7
What is the remainder when 1080 is divided by 123?
96
Calculate the remainder when 185 is divided by 167.
18
Calculate the remainder when 760 is divided by 59.
52
Calculate the remainder when 402 is divided by 98.
10
Calculate the remainder when 44386 is divided by 23.
19
Calculate the remainder when 12919 is divided by 40.
39
What is the remainder when 367 is divided by 48?
31
Calculate the remainder when 3780 is divided by 31.
29
Calculate the remainder when 2505 is divided by 38.
35
What is the remainder when 1255 is divided by 9?
4
What is the remainder when 64 is divided by 40?
24
Calculate the remainder when 113